{"id":1886,"date":"2025-05-10T22:17:52","date_gmt":"2025-05-10T20:17:52","guid":{"rendered":"https:\/\/senreflex.com\/?page_id=1886"},"modified":"2025-11-17T13:00:10","modified_gmt":"2025-11-17T12:00:10","slug":"design","status":"publish","type":"page","link":"https:\/\/senreflex.com\/?page_id=1886","title":{"rendered":"Design"},"content":{"rendered":"\n<div class=\"wp-block-media-text is-stacked-on-mobile\"><figure class=\"wp-block-media-text__media\"><img fetchpriority=\"high\" decoding=\"async\" width=\"225\" height=\"225\" src=\"https:\/\/senreflex.com\/wp-content\/uploads\/2025\/11\/images.jpg\" alt=\"\" class=\"wp-image-2006 size-full\" srcset=\"https:\/\/senreflex.com\/wp-content\/uploads\/2025\/11\/images.jpg 225w, https:\/\/senreflex.com\/wp-content\/uploads\/2025\/11\/images-150x150.jpg 150w, https:\/\/senreflex.com\/wp-content\/uploads\/2025\/11\/images-100x100.jpg 100w\" sizes=\"(max-width: 225px) 100vw, 225px\" \/><\/figure><div class=\"wp-block-media-text__content\">\n<p><\/p>\n\n\n\n<div class=\"wp-block-media-text is-stacked-on-mobile\"><figure class=\"wp-block-media-text__media\"><img decoding=\"async\" width=\"712\" height=\"1024\" src=\"https:\/\/senreflex.com\/wp-content\/uploads\/2025\/05\/vue-d-une-lampe-d-eclairage-au-design-futuriste-712x1024.jpg\" alt=\"\" class=\"wp-image-1887 size-full\" srcset=\"https:\/\/senreflex.com\/wp-content\/uploads\/2025\/05\/vue-d-une-lampe-d-eclairage-au-design-futuriste-712x1024.jpg 712w, https:\/\/senreflex.com\/wp-content\/uploads\/2025\/05\/vue-d-une-lampe-d-eclairage-au-design-futuriste-209x300.jpg 209w, https:\/\/senreflex.com\/wp-content\/uploads\/2025\/05\/vue-d-une-lampe-d-eclairage-au-design-futuriste-768x1105.jpg 768w, https:\/\/senreflex.com\/wp-content\/uploads\/2025\/05\/vue-d-une-lampe-d-eclairage-au-design-futuriste-1068x1536.jpg 1068w, https:\/\/senreflex.com\/wp-content\/uploads\/2025\/05\/vue-d-une-lampe-d-eclairage-au-design-futuriste-1423x2048.jpg 1423w, https:\/\/senreflex.com\/wp-content\/uploads\/2025\/05\/vue-d-une-lampe-d-eclairage-au-design-futuriste-100x144.jpg 100w, https:\/\/senreflex.com\/wp-content\/uploads\/2025\/05\/vue-d-une-lampe-d-eclairage-au-design-futuriste-scaled.jpg 1779w\" sizes=\"(max-width: 712px) 100vw, 712px\" \/><\/figure><div class=\"wp-block-media-text__content\">\n<p>\u00c0 SenReflex, nous ne nous contentons pas de faire du design. Nous concevons des identit\u00e9s qui se d\u00e9marquent, attirent et g\u00e9n\u00e8rent des ventes.<\/p>\n\n\n\n<p>Des logos percutants, des visuels professionnels et une identit\u00e9 de marque qui commande le respect.<br>\ud83d\udca1 Une id\u00e9e, un dessin ? Nous en faisons un outil de communication.<\/p>\n\n\n\n<p>\ud83d\udcde N&rsquo;attendez plus, contactez-nous d\u00e8s maintenant pour donner vie \u00e0 votre image avec force visuelle !<\/p>\n\n\n\n<p><br>\ud83d\udc49 <a class=\"\" href=\"http:\/\/www.senreflex.com\">www.senreflex.com<\/a> 77 655 00 02<\/p>\n<\/div><\/div>\n<\/div><\/div>\n","protected":false},"excerpt":{"rendered":"","protected":false},"author":1,"featured_media":0,"parent":0,"menu_order":0,"comment_status":"closed","ping_status":"closed","template":"","meta":{"site-sidebar-layout":"default","site-content-layout":"","ast-site-content-layout":"","site-content-style":"default","site-sidebar-style":"default","ast-global-header-display":"","ast-banner-title-visibility":"","ast-main-header-display":"","ast-hfb-above-header-display":"","ast-hfb-below-header-display":"","ast-hfb-mobile-header-display":"","site-post-title":"","ast-breadcrumbs-content":"","ast-featured-img":"","footer-sml-layout":"","theme-transparent-header-meta":"","adv-header-id-meta":"","stick-header-meta":"","header-above-stick-meta":"","header-main-stick-meta":"","header-below-stick-meta":"","astra-migrate-meta-layouts":"default","ast-page-background-enabled":"default","ast-page-background-meta":{"desktop":{"background-color":"var(--ast-global-color-4)","background-image":"","background-repeat":"repeat","background-position":"center center","background-size":"auto","background-attachment":"scroll","background-type":"","background-media":"","overlay-type":"","overlay-color":"","overlay-opacity":"","overlay-gradient":""},"tablet":{"background-color":"","background-image":"","background-repeat":"repeat","background-position":"center center","background-size":"auto","background-attachment":"scroll","background-type":"","background-media":"","overlay-type":"","overlay-color":"","overlay-opacity":"","overlay-gradient":""},"mobile":{"background-color":"","background-image":"","background-repeat":"repeat","background-position":"center center","background-size":"auto","background-attachment":"scroll","background-type":"","background-media":"","overlay-type":"","overlay-color":"","overlay-opacity":"","overlay-gradient":""}},"ast-content-background-meta":{"desktop":{"background-color":"var(--ast-global-color-5)","background-image":"","background-repeat":"repeat","background-position":"center center","background-size":"auto","background-attachment":"scroll","background-type":"","background-media":"","overlay-type":"","overlay-color":"","overlay-opacity":"","overlay-gradient":""},"tablet":{"background-color":"var(--ast-global-color-5)","background-image":"","background-repeat":"repeat","background-position":"center center","background-size":"auto","background-attachment":"scroll","background-type":"","background-media":"","overlay-type":"","overlay-color":"","overlay-opacity":"","overlay-gradient":""},"mobile":{"background-color":"var(--ast-global-color-5)","background-image":"","background-repeat":"repeat","background-position":"center center","background-size":"auto","background-attachment":"scroll","background-type":"","background-media":"","overlay-type":"","overlay-color":"","overlay-opacity":"","overlay-gradient":""}},"footnotes":""},"class_list":["post-1886","page","type-page","status-publish","hentry"],"jetpack_sharing_enabled":true,"_links":{"self":[{"href":"https:\/\/senreflex.com\/index.php?rest_route=\/wp\/v2\/pages\/1886","targetHints":{"allow":["GET"]}}],"collection":[{"href":"https:\/\/senreflex.com\/index.php?rest_route=\/wp\/v2\/pages"}],"about":[{"href":"https:\/\/senreflex.com\/index.php?rest_route=\/wp\/v2\/types\/page"}],"author":[{"embeddable":true,"href":"https:\/\/senreflex.com\/index.php?rest_route=\/wp\/v2\/users\/1"}],"replies":[{"embeddable":true,"href":"https:\/\/senreflex.com\/index.php?rest_route=%2Fwp%2Fv2%2Fcomments&post=1886"}],"version-history":[{"count":4,"href":"https:\/\/senreflex.com\/index.php?rest_route=\/wp\/v2\/pages\/1886\/revisions"}],"predecessor-version":[{"id":2008,"href":"https:\/\/senreflex.com\/index.php?rest_route=\/wp\/v2\/pages\/1886\/revisions\/2008"}],"wp:attachment":[{"href":"https:\/\/senreflex.com\/index.php?rest_route=%2Fwp%2Fv2%2Fmedia&parent=1886"}],"curies":[{"name":"wp","href":"https:\/\/api.w.org\/{rel}","templated":true}]}}