{"id":1905,"date":"2025-05-11T00:03:26","date_gmt":"2025-05-10T22:03:26","guid":{"rendered":"https:\/\/senreflex.com\/?page_id=1905"},"modified":"2025-05-11T00:03:26","modified_gmt":"2025-05-10T22:03:26","slug":"imprimes","status":"publish","type":"page","link":"https:\/\/senreflex.com\/?page_id=1905","title":{"rendered":"Imprim\u00e9s"},"content":{"rendered":"\n<div class=\"wp-block-media-text is-stacked-on-mobile\" style=\"grid-template-columns:28% auto\"><figure class=\"wp-block-media-text__media\"><img fetchpriority=\"high\" decoding=\"async\" width=\"683\" height=\"1024\" src=\"https:\/\/senreflex.com\/wp-content\/uploads\/2025\/05\/gros-plan-sur-un-stylo-avec-un-carnet-683x1024.jpg\" alt=\"\" class=\"wp-image-1906 size-full\" srcset=\"https:\/\/senreflex.com\/wp-content\/uploads\/2025\/05\/gros-plan-sur-un-stylo-avec-un-carnet-683x1024.jpg 683w, https:\/\/senreflex.com\/wp-content\/uploads\/2025\/05\/gros-plan-sur-un-stylo-avec-un-carnet-200x300.jpg 200w, https:\/\/senreflex.com\/wp-content\/uploads\/2025\/05\/gros-plan-sur-un-stylo-avec-un-carnet-768x1152.jpg 768w, https:\/\/senreflex.com\/wp-content\/uploads\/2025\/05\/gros-plan-sur-un-stylo-avec-un-carnet-1024x1536.jpg 1024w, https:\/\/senreflex.com\/wp-content\/uploads\/2025\/05\/gros-plan-sur-un-stylo-avec-un-carnet-1365x2048.jpg 1365w, https:\/\/senreflex.com\/wp-content\/uploads\/2025\/05\/gros-plan-sur-un-stylo-avec-un-carnet-100x150.jpg 100w, https:\/\/senreflex.com\/wp-content\/uploads\/2025\/05\/gros-plan-sur-un-stylo-avec-un-carnet-scaled.jpg 1707w\" sizes=\"(max-width: 683px) 100vw, 683px\" \/><\/figure><div class=\"wp-block-media-text__content\">\n<p><\/p>\n\n\n\n<p><strong>\ud83c\udfa8 Donnez vie \u00e0 vos projets gr\u00e2ce \u00e0 nos services d\u2019impression professionnels !<\/strong><\/p>\n\n\n\n<p>Chez <strong>SenReflex<\/strong>, chaque support devient une v\u00e9ritable vitrine de votre image :<\/p>\n\n\n\n<ul class=\"wp-block-list\">\n<li>\ud83d\udcc4 <strong>Flyers &amp; d\u00e9pliants<\/strong> pour toucher massivement votre public<\/li>\n\n\n\n<li>\ud83d\uddbc\ufe0f <strong>Affiches &amp; banderoles<\/strong> grand format pour marquer les esprits<\/li>\n\n\n\n<li>\ud83c\udff7\ufe0f <strong>\u00c9tiquettes &amp; stickers<\/strong> pour doter vos produits d\u2019une identit\u00e9 unique<\/li>\n\n\n\n<li>\ud83d\udcda <strong>Brochures &amp; catalogues<\/strong> pour valoriser votre offre avec \u00e9l\u00e9gance<\/li>\n\n\n\n<li>\ud83d\udce6 <strong>Emballages personnalis\u00e9s<\/strong> (sachets, tote bags\u2026) pour fid\u00e9liser vos clients<\/li>\n<\/ul>\n\n\n\n<p>\ud83d\ude80 <strong>Qualit\u00e9 irr\u00e9prochable<\/strong> \u2022 \u26a1 <strong>D\u00e9lais express<\/strong> \u2022 \ud83c\udfa8 <strong>Finition soign\u00e9e<\/strong><\/p>\n\n\n\n<p><strong>Imprimez plus qu\u2019un visuel, offrez une exp\u00e9rience !<\/strong><br>\ud83d\udc49 Demandez votre devis gratuit sur <strong><a class=\"\" href=\"http:\/\/www.senreflex.com\">www.senreflex.com<\/a><\/strong> ou contactez-nous directement pour un accompagnement sur-mesure.<\/p>\n<\/div><\/div>\n","protected":false},"excerpt":{"rendered":"","protected":false},"author":1,"featured_media":0,"parent":0,"menu_order":0,"comment_status":"closed","ping_status":"closed","template":"","meta":{"site-sidebar-layout":"default","site-content-layout":"","ast-site-content-layout":"","site-content-style":"default","site-sidebar-style":"default","ast-global-header-display":"","ast-banner-title-visibility":"","ast-main-header-display":"","ast-hfb-above-header-display":"","ast-hfb-below-header-display":"","ast-hfb-mobile-header-display":"","site-post-title":"","ast-breadcrumbs-content":"","ast-featured-img":"","footer-sml-layout":"","theme-transparent-header-meta":"","adv-header-id-meta":"","stick-header-meta":"","header-above-stick-meta":"","header-main-stick-meta":"","header-below-stick-meta":"","astra-migrate-meta-layouts":"default","ast-page-background-enabled":"default","ast-page-background-meta":{"desktop":{"background-color":"var(--ast-global-color-4)","background-image":"","background-repeat":"repeat","background-position":"center center","background-size":"auto","background-attachment":"scroll","background-type":"","background-media":"","overlay-type":"","overlay-color":"","overlay-opacity":"","overlay-gradient":""},"tablet":{"background-color":"","background-image":"","background-repeat":"repeat","background-position":"center center","background-size":"auto","background-attachment":"scroll","background-type":"","background-media":"","overlay-type":"","overlay-color":"","overlay-opacity":"","overlay-gradient":""},"mobile":{"background-color":"","background-image":"","background-repeat":"repeat","background-position":"center center","background-size":"auto","background-attachment":"scroll","background-type":"","background-media":"","overlay-type":"","overlay-color":"","overlay-opacity":"","overlay-gradient":""}},"ast-content-background-meta":{"desktop":{"background-color":"var(--ast-global-color-5)","background-image":"","background-repeat":"repeat","background-position":"center center","background-size":"auto","background-attachment":"scroll","background-type":"","background-media":"","overlay-type":"","overlay-color":"","overlay-opacity":"","overlay-gradient":""},"tablet":{"background-color":"var(--ast-global-color-5)","background-image":"","background-repeat":"repeat","background-position":"center center","background-size":"auto","background-attachment":"scroll","background-type":"","background-media":"","overlay-type":"","overlay-color":"","overlay-opacity":"","overlay-gradient":""},"mobile":{"background-color":"var(--ast-global-color-5)","background-image":"","background-repeat":"repeat","background-position":"center center","background-size":"auto","background-attachment":"scroll","background-type":"","background-media":"","overlay-type":"","overlay-color":"","overlay-opacity":"","overlay-gradient":""}},"footnotes":""},"class_list":["post-1905","page","type-page","status-publish","hentry"],"jetpack_sharing_enabled":true,"_links":{"self":[{"href":"https:\/\/senreflex.com\/index.php?rest_route=\/wp\/v2\/pages\/1905","targetHints":{"allow":["GET"]}}],"collection":[{"href":"https:\/\/senreflex.com\/index.php?rest_route=\/wp\/v2\/pages"}],"about":[{"href":"https:\/\/senreflex.com\/index.php?rest_route=\/wp\/v2\/types\/page"}],"author":[{"embeddable":true,"href":"https:\/\/senreflex.com\/index.php?rest_route=\/wp\/v2\/users\/1"}],"replies":[{"embeddable":true,"href":"https:\/\/senreflex.com\/index.php?rest_route=%2Fwp%2Fv2%2Fcomments&post=1905"}],"version-history":[{"count":1,"href":"https:\/\/senreflex.com\/index.php?rest_route=\/wp\/v2\/pages\/1905\/revisions"}],"predecessor-version":[{"id":1907,"href":"https:\/\/senreflex.com\/index.php?rest_route=\/wp\/v2\/pages\/1905\/revisions\/1907"}],"wp:attachment":[{"href":"https:\/\/senreflex.com\/index.php?rest_route=%2Fwp%2Fv2%2Fmedia&parent=1905"}],"curies":[{"name":"wp","href":"https:\/\/api.w.org\/{rel}","templated":true}]}}