{"id":424,"date":"2024-03-28T23:10:09","date_gmt":"2024-03-28T22:10:09","guid":{"rendered":"https:\/\/senreflex.com\/?post_type=product&#038;p=424"},"modified":"2024-03-28T23:10:09","modified_gmt":"2024-03-28T22:10:09","slug":"%f0%9f%94%8d-hp-203a-jaune-laserjet-toner-cartridge-cf542a","status":"publish","type":"product","link":"https:\/\/senreflex.com\/?product=%f0%9f%94%8d-hp-203a-jaune-laserjet-toner-cartridge-cf542a","title":{"rendered":"\ud83d\udd0d HP 203A JAUNE LASERJET TONER CARTRIDGE \u2013 CF542A"},"content":{"rendered":"<p><img fetchpriority=\"high\" decoding=\"async\" class=\"alignnone size-full wp-image-368\" src=\"http:\/\/senreflex.com\/wp-content\/uploads\/2024\/03\/203-JAUNE1.jpg\" alt=\"\" width=\"225\" height=\"225\" srcset=\"https:\/\/senreflex.com\/wp-content\/uploads\/2024\/03\/203-JAUNE1.jpg 225w, https:\/\/senreflex.com\/wp-content\/uploads\/2024\/03\/203-JAUNE1-100x100.jpg 100w, https:\/\/senreflex.com\/wp-content\/uploads\/2024\/03\/203-JAUNE1-150x150.jpg 150w\" sizes=\"(max-width: 225px) 100vw, 225px\" \/> <img decoding=\"async\" class=\"alignnone size-full wp-image-426\" src=\"http:\/\/senreflex.com\/wp-content\/uploads\/2024\/03\/203-JAUNE.jpg\" alt=\"\" width=\"300\" height=\"168\" srcset=\"https:\/\/senreflex.com\/wp-content\/uploads\/2024\/03\/203-JAUNE.jpg 300w, https:\/\/senreflex.com\/wp-content\/uploads\/2024\/03\/203-JAUNE-100x56.jpg 100w\" sizes=\"(max-width: 300px) 100vw, 300px\" \/> <img decoding=\"async\" class=\"alignnone size-medium wp-image-427\" src=\"http:\/\/senreflex.com\/wp-content\/uploads\/2024\/03\/203-JAUNE2-300x96.jpg\" alt=\"\" width=\"300\" height=\"96\" srcset=\"https:\/\/senreflex.com\/wp-content\/uploads\/2024\/03\/203-JAUNE2-300x96.jpg 300w, https:\/\/senreflex.com\/wp-content\/uploads\/2024\/03\/203-JAUNE2-100x32.jpg 100w, https:\/\/senreflex.com\/wp-content\/uploads\/2024\/03\/203-JAUNE2.jpg 400w\" sizes=\"(max-width: 300px) 100vw, 300px\" \/><\/p>\n","protected":false},"excerpt":{"rendered":"<ul class=\"a-unordered-list a-vertical a-spacing-mini\">\n<li class=\"a-spacing-mini\"><span class=\"a-list-item\"> Imprimantes compatibles : HP Color LaserJet Pro M254dw \/ M254nw \/ M280nw \/ M281fdn \/ M281fdw <\/span><\/li>\n<li class=\"a-spacing-mini\"><span class=\"a-list-item\"> Rendement : 2 500 pages (norme ISO\/IEC 19798) <\/span><\/li>\n<li class=\"a-spacing-mini\"><span class=\"a-list-item\"> Toners HP Authentiques : une fiabilit\u00e9 exceptionnelle pour une qualit\u00e9 d&rsquo;impression parfaite, de la premi\u00e8re \u00e0 la derni\u00e8re page <\/span><\/li>\n<li class=\"a-spacing-mini\"><span class=\"a-list-item\"> Mod\u00e8le : CF542X <\/span><\/li>\n<li class=\"a-spacing-mini\"><span class=\"a-list-item\"> Couleur : Jaune <\/span><\/li>\n<li class=\"a-spacing-mini\"><span class=\"a-list-item\"> Prot\u00e9gez la plan\u00e8te : Les Toners HP authentiques sont fabriqu\u00e9es \u00e0 partir de mat\u00e9riaux recycl\u00e9s Recyclez vos toners gratuitement avec le programme HP Planet Partners <\/span><\/li>\n<li class=\"a-spacing-mini\"><span class=\"a-list-item\"> Economisez votre encre : Gr\u00e2ce \u00e0 la technologie JetIntelligence, votre imprimante chauffe moins pour imprimer plus vite et r\u00e9duire la quantit\u00e9 d\u2019encre et d\u2019\u00e9nergie n\u00e9cessaire \u00e0 l\u2019impression <\/span><\/li>\n<\/ul>\n","protected":false},"featured_media":368,"comment_status":"open","ping_status":"closed","template":"","meta":{"site-sidebar-layout":"default","site-content-layout":"","ast-site-content-layout":"default","site-content-style":"default","site-sidebar-style":"default","ast-global-header-display":"","ast-banner-title-visibility":"","ast-main-header-display":"","ast-hfb-above-header-display":"","ast-hfb-below-header-display":"","ast-hfb-mobile-header-display":"","site-post-title":"","ast-breadcrumbs-content":"","ast-featured-img":"","footer-sml-layout":"","theme-transparent-header-meta":"default","adv-header-id-meta":"","stick-header-meta":"","header-above-stick-meta":"","header-main-stick-meta":"","header-below-stick-meta":"","astra-migrate-meta-layouts":"set","ast-page-background-enabled":"default","ast-page-background-meta":{"desktop":{"background-color":"var(--ast-global-color-4)","background-image":"","background-repeat":"repeat","background-position":"center center","background-size":"auto","background-attachment":"scroll","background-type":"","background-media":"","overlay-type":"","overlay-color":"","overlay-opacity":"","overlay-gradient":""},"tablet":{"background-color":"","background-image":"","background-repeat":"repeat","background-position":"center center","background-size":"auto","background-attachment":"scroll","background-type":"","background-media":"","overlay-type":"","overlay-color":"","overlay-opacity":"","overlay-gradient":""},"mobile":{"background-color":"","background-image":"","background-repeat":"repeat","background-position":"center center","background-size":"auto","background-attachment":"scroll","background-type":"","background-media":"","overlay-type":"","overlay-color":"","overlay-opacity":"","overlay-gradient":""}},"ast-content-background-meta":{"desktop":{"background-color":"var(--ast-global-color-5)","background-image":"","background-repeat":"repeat","background-position":"center center","background-size":"auto","background-attachment":"scroll","background-type":"","background-media":"","overlay-type":"","overlay-color":"","overlay-opacity":"","overlay-gradient":""},"tablet":{"background-color":"var(--ast-global-color-5)","background-image":"","background-repeat":"repeat","background-position":"center center","background-size":"auto","background-attachment":"scroll","background-type":"","background-media":"","overlay-type":"","overlay-color":"","overlay-opacity":"","overlay-gradient":""},"mobile":{"background-color":"var(--ast-global-color-5)","background-image":"","background-repeat":"repeat","background-position":"center center","background-size":"auto","background-attachment":"scroll","background-type":"","background-media":"","overlay-type":"","overlay-color":"","overlay-opacity":"","overlay-gradient":""}}},"product_cat":[24],"product_tag":[],"class_list":{"0":"post-424","1":"product","2":"type-product","3":"status-publish","4":"has-post-thumbnail","6":"product_cat-toner-cartouches","7":"desktop-align-left","8":"tablet-align-left","9":"mobile-align-left","10":"ast-product-gallery-layout-horizontal-slider","11":"ast-product-gallery-with-no-image","12":"ast-magnify-disabled","13":"ast-product-tabs-layout-horizontal","14":"ast-qv-on-image","16":"first","17":"instock","18":"sale","19":"taxable","20":"shipping-taxable","21":"purchasable","22":"product-type-simple"},"jetpack_sharing_enabled":true,"_links":{"self":[{"href":"https:\/\/senreflex.com\/index.php?rest_route=\/wp\/v2\/product\/424","targetHints":{"allow":["GET"]}}],"collection":[{"href":"https:\/\/senreflex.com\/index.php?rest_route=\/wp\/v2\/product"}],"about":[{"href":"https:\/\/senreflex.com\/index.php?rest_route=\/wp\/v2\/types\/product"}],"replies":[{"embeddable":true,"href":"https:\/\/senreflex.com\/index.php?rest_route=%2Fwp%2Fv2%2Fcomments&post=424"}],"version-history":[{"count":2,"href":"https:\/\/senreflex.com\/index.php?rest_route=\/wp\/v2\/product\/424\/revisions"}],"predecessor-version":[{"id":429,"href":"https:\/\/senreflex.com\/index.php?rest_route=\/wp\/v2\/product\/424\/revisions\/429"}],"wp:featuredmedia":[{"embeddable":true,"href":"https:\/\/senreflex.com\/index.php?rest_route=\/wp\/v2\/media\/368"}],"wp:attachment":[{"href":"https:\/\/senreflex.com\/index.php?rest_route=%2Fwp%2Fv2%2Fmedia&parent=424"}],"wp:term":[{"taxonomy":"product_cat","embeddable":true,"href":"https:\/\/senreflex.com\/index.php?rest_route=%2Fwp%2Fv2%2Fproduct_cat&post=424"},{"taxonomy":"product_tag","embeddable":true,"href":"https:\/\/senreflex.com\/index.php?rest_route=%2Fwp%2Fv2%2Fproduct_tag&post=424"}],"curies":[{"name":"wp","href":"https:\/\/api.w.org\/{rel}","templated":true}]}}